- 6*y(p). Give w(5).
-4
Let w(f) be the third derivative of -f**4/12 - 5*f**3/3 + 2*f**2. Let y be w(-9). Let c(x) = -2 - x**2 + 3 - x + y*x**2. Calculate c(1).
7
Let n(v) = -23*v**3 + 1 - v + 49*v**3 - 25*v**3 + 3*v**2. What is n(-2)?
7
Suppose 16*k - 17*k - 1 = 0. Let n(l) = 12*l**2 - l. What is n(k)?
13
Let z(q) = -3 + 2 + 1 - 8*q - q**2 + 1. What is z(-4)?
17
Let u(x) = x**2 - 4*x + 7*x - 7*x - 3*x. Calculate u(6).
-6
Let q(k) be the first derivative of k**3/3 - 7*k**2/2 + 8*k + 33. Give q(7).
8
Let r(c) = -c**2 - 7*c - 1. Let z be r(-7). Let k be -2 - (z + (-5)/(-1)). Let a be (-10)/4*k/5. Let o(b) = -b**2 + 2*b + 3. Determine o(a).
0
Suppose 0 = -w - 5*o + 14, 9 + 5 = 5*w - 3*o. Let j(b) = -3*b - w - 2*b**2 + 3*b**3 + 4*b - 4*b**3. Calculate j(-3).
2
Let z(r) = -r + 5 + 0 - 1. Suppose n = -t + 4, -n - 18 = -5*t - 5*n. Suppose 0 = t*w - 4 - 4. What is z(w)?
0
Let o be -6*(-4)/12*1. Let u(z) = 3 + 6*z**3 + 26*z**2 + 7*z - 18*z**o + 0 - 5*z**3. Calculate u(-7).
3
Let v(r) = -r + 2. Let h = -18 - -24. Give v(h).
-4
Let d(c) = c**3 - 9*c**2 - 10*c + 1. Let o(k) = k**3 - 10*k**2 + 11*k - 8. Let v be o(9). Let g be d(v). Let w(j) = 3*j**2. Determine w(g).
3
Let l(d) be the third derivative of d**4/8 - d**3/6 - d**2. Let k = -8 + 8. Let q = 2 - k. Determine l(q).
5
Let z be (1 - 0) + 3 + -2. Suppose -14 = -3*r - t, -5 + 30 = 4*r - 5*t. Let x(w) = -3 + z + w - 5*w + r*w. What is x(2)?
1
Let j be 17/4 + 1/(-4). Let m be 4*1*2/j. Let x(y) be the third derivative of -y**5/60 - y**3/6 - 3*y**2. Calculate x(m).
-5
Let u(m) be the first derivative of 1/3*m**3 + 2 - 3/2*m**2 + 3*m. Let l be (6/15)/(2/10). Give u(l).
1
Let o(g) = 0*g**2 - 5*g**2 - 5 - g**3 + g + g**2 - 3*g. Suppose 0 = 5*s - 15, 7*r - 5*s = 2*r. Suppose r*c = -2*c - 20. Determine o(c).
3
Let v(k) = 6*k - k**2 - 23 + 22 + 0*k. Determine v(4).
7
Suppose -4*g + 12 = 3*x - 2*x, x - g = -8. Let y(l) = -2*l**2 - 4*l - 5. What is y(x)?
-21
Let o = 5 - 3. Let m(u) be the second derivative of -u**5/20 + u**4/6 - u**3/3 + u**2/2 - 2*u. What is m(o)?
-3
Let b be ((-4)/(-10))/(-3*(-4)/30). Let i(m) = -11*m**3 + m**2. Give i(b).
-10
Let q(d) be the first derivative of d**3/3 + 5*d**2/2 + 4*d - 9. What is q(-5)?
4
Let k be 1/((-1)/(1 - 0)). Let b(w) be the third derivative of -w**5/20 + w**4/24 - 7*w**3/6 + 13*w**2. Let h(u) be the first derivative of b(u). Give h(k).
7
Suppose -5*l - 1 = -6*l. Let j(k) = 2*k - 1. Determine j(l).
1
Let u(j) = j**3 - 9*j**2 + 6*j - 8. Let r(o) = -3*o**3 + 26*o**2 - 17*o + 23. Let y(v) = -6*r(v) - 17*u(v). Let w be 11/2 - 99/66. Give y(w).
14
Suppose -13 = -4*c + 2*t - 3, 5*t = 5*c - 5. Let w(r) = -2*r - r + 2*r + 8 + 0. Determine w(c).
4
Let n(s) = s**2 - 2*s + 4. Suppose 9 = 5*y - 2*t - 17, -4*y - t = -26. Calculate n(y).
28
Let r = 9 - 7. Let i(n) = n**3 + 4*n - 3 + r - 5*n**2 - 3*n + 4. Give i(5).
8
Let i(n) = n - 1. Let g = -24 + 7. Suppose -p = -q + 20, -p - 5 = -2*p - 4*q. Let k be g/(-5) - (-6)/p. Determine i(k).
2
Let p(y) be the first derivative of 5*y**2 + y - 43. Let w = 2 - 1. Suppose 2 + w = -3*n. Give p(n).
-9
Let m(i) = -i - 2. Let u be m(-5). Suppose -u*q + 3*a - 12 = q, 4 = a. Let n(v) = -v**3 + v**2 + v - 8. Give n(q).
-8
Let o(r) = 2*r + 5 - 3 - 29*r**3 + 56*r**3 - 1 + 2*r**2. Calculate o(-1).
-26
Let a(k) be the third derivative of -5*k**4/12 - k**3/3 + k**2. Let p(y) = -5*y - 1. Let f(i) = 6*a(i) - 13*p(i). Let j = -5 - -4. Calculate f(j).
-4
Let f(a) = 3*a - 2. Suppose -2*y - 6 = 2*b - 4*y, 5*b = 4*y - 14. Let j be (8/(-10))/(b/5). Suppose 0 = -5*r + 2*c + 18, -6 = -j*r + r + c. Calculate f(r).
4
Let r(d) = 10*d**2 + 19*d - 21. Let u(q) = -7*q**2 - 13*q + 14. Let m(w) = 5*r(w) + 7*u(w). Determine m(-5).
-2
Let j(h) = -3*h - 2. Let g(o) = 7*o + 3. Let x(k) = 2*g(k) + 5*j(k). Let d(p) = -p**3 - 5*p**2 - 3*p + 4. Let u be d(-3). Determine x(u).
1
Let x(w) = w**2 + 4*w - 4. Suppose -3*j = 5*b - 7, 1 + 0 = -2*b - 5*j. Let m(h) = -2*h**2 - 3*h + 3. Let n(z) = b*m(z) + 3*x(z). Give n(4).
2
Let c(b) = 2*b. Let g = -38 - -39. Suppose -2*p - 2 = 4. Let k = g - p. Give c(k).
8
Let s(n) = -2*n - 4. Suppose -2*f + 10 = 2*l, f + f = -3*l + 14. Suppose -3*p - r - 13 = 0, l*p + 4*r + 5 = -23. Give s(p).
2
Let x(l) be the first derivative of l**4/4 + l**3 + l**2 + 2*l - 6. Calculate x(-2).
2
Let f(h) = -h**2 + 5*h - 2. Let t be f(5). Let k(g) = 2*g**3 + 2*g**2 - 2*g. Let r be k(t). Let y(n) = -n**3 - 5*n**2 - 5*n - 1. Give y(r).
3
Let p be 65/(-13) + (-10)/1. Let a(b) = -b**2 - 14*b + 16. Give a(p).
1
Let u(r) be the third derivative of -r**5/60 + r**4/12 - r**3/6 - r**2 + 7. Calculate u(2).
-1
Let k(x) = 27*x - 36. Let n(f) = -f + 1. Let v(y) = k(y) + 36*n(y). Let i(a) be the first derivative of a**3/3 + 3*a**2/2 + a - 1. Let s be i(-3). What is v(s)?
-9
Let s(c) = 3*c - 2. Let u = -11 - -6. Let f = 10 + u. Calculate s(f).
13
Let h(m) = m**3 + m**2 - 2*m - 1. Let v be 25/(-35) + (-2)/7. What is h(v)?
1
Let u(j) = -2*j - 6. Suppose -2*k = 5*g - 5, 5*g - 23 + 8 = 0. Let a be u(k). Let h(z) = z**3 - 4*z**2 - 3*z + 4. Determine h(a).
-8
Suppose 3*d = 2*o + 7, -d + 2 = o + 8. Let p(g) = 3*g**3 + g**2 - g - 1. Calculate p(d).
-2
Let q(o) = o - 4. Let g be q(8). Let v(k) = -k**3 + 2*k**2 + 4*k + 1. What is v(g)?
-15
Let w(l) = 3*l**2 - 1. Let b = 1 - 2. Let n be (11/(-5) - b)*-5. Suppose -n = -5*s - 1. Determine w(s).
2
Let d(g) = g**2 + 7*g + 5. Let z be d(-6). Let f(m) = 4*m - 1. What is f(z)?
-5
Let k(u) = -2*u**2 + 3*u. Let h be (1 - -1)*3/2. Suppose 3*o = -6, h*o - 5 = g + 7*o. Calculate k(g).
-9
Let l(g) = g**3 + 2*g**2 + 2*g. Let n(o) = -8*o + 23. Let v(s) = 3*s - 8. Let z(q) = -4*n(q) - 11*v(q). Let f be z(-2). What is l(f)?
-4
Suppose -2*g + 4*u + 22 = 0, 5*g + u = 9 + 13. Let x(v) = -7*v**2 - 80 + v**3 + 0*v**3 + 83 + 5*v + v**2. Calculate x(g).
3
Suppose 1 = -3*t + 5*u - 25, 4*u = 2*t + 20. Let f(g) = g**2 - 6*g + 3. Let h be f(6). Let y(q) = 4 - 4 - h - q. Determine y(t).
-1
Suppose -z = a + 4, 4*z + 11 + 8 = -a. Suppose 5*i = 3*v - 26, -4*v + 5*i + 23 = -5. Let o(g) = 7 + 6*g - 4 + g**v + 3. Calculate o(z).
1
Let v(n) be the second derivative of -n**5/20 - n**4/3 - n**3/6 + n**2/2 + n. Suppose 0*k = -2*k + 6. Suppose -4*r = -k*j - 3 + 23, -2*r = 4*j - 12. Give v(r).
-5
Let f be 8/(-10) + (-4)/(-5). Let x(a) be the second derivative of f*a**2 + 0 - 3*a + 1/2*a**3 - 1/20*a**5 - 1/4*a**4. Determine x(-4).
4
Let q(l) = -5*l + 5*l - 11 + 4*l - l. Let g(t) = -4*t + 16. Let d(k) = 5*g(k) + 7*q(k). What is d(-5)?
-2
Let o(u) = -7 - u**2 - 100*u + 101*u + 11 + 13. Give o(0).
17
Let k(g) = 7*g - 1. Let y be k(1). Let z = -17 + y. Let f = z + 7. Let r(h) = 4*h + 6. Calculate r(f).
-10
Let o(r) = -r**2 - 6*r - 5. Let j(m) = -m + 4*m**2 + 11*m + 14 - 7*m + 16*m. Let y(k) = 2*j(k) + 7*o(k). What is y(5)?
-2
Let w(g) be the third derivative of 2*g**2 - 1/24*g**4 + 1/3*g**3 + 0*g + 0. Let q(z) = z**2 + 2*z + 2. Let s be q(-3). Give w(s).
-3
Let b(t) = 4*t - 1. Let h = -3 + 6. Determine b(h).
11
Suppose -7*l + 11*l = 0. Let r = 7 + 3. Let v(c) = -r + 2*c**2 - c**2 + 0*c**2. Calculate v(l).
-10
Let u = -4 - -5. Suppose -2*r = 5*b + 4, 4*r - u = -5*b + 1. Let w(y) = y**2 - 3*y + 2. Calculate w(r).
2
Let n(w) = -8*w + 3*w - 2 + 7*w. Let l be 2 - -3*(-1 + 2). What is n(l)?
8
Let o(c) = 29*c + 29*c - 55*c. What is o(-6)?
-18
Let z(i) = 2*i**2 - 2*i + 5. Let r be z(0). Let k(f) be the first derivative of -f**3/3 + 2*f**2 - 5*f + 1. Give k(r).
-10
Let d(o) = -o - 1. Let t(g) = 3*g + 9. Let j(f) = -6*f - 19. Let x(p) = -2*j(p) - 5*t(p). Let m(a) = -5*d(a) + x(a). Give m(5).
8
Suppose s - 2*s + 3 = 0. Let j(q) = -q**3 - q**s + 1 - 4*q**2 + 3*q**2. Calculate j(-1).
2
Let l(a) = -6*a**3 - 4*a**2. Let s(x) = -6*x - 3*x**2 + 6*x - 6*x**3. Let k(r) = -4*l(r) + 5*s(r). Determine k(-1).
7
Let k(f) = -4*f - 3. Let g(w) = 3*w + 1. Let u(h) = 3*g(h) + 2*k(h). Give u(3).
0
Let o(n) = -n - 3 + 4*n - 1. Let q be (-1 + (-8)/(-6))/(5/75). What is o(q)?
11
Let t(i) = 37*i**2 - 4*i + 0 - 39*i**2 + 1 + 5 + 3*i**3. Let n(x) = -7*x**3 + 3*x**2 + 7*x - 13. Let f(j) = -2*n(j) - 5*t(j). Determine f(5).
1
Suppose -4*m = d, -4*m + 3*d = 2*d. Let t(o) = o**3 + o**2 - 11. Determine t(m).
-11
Let s(u) = -u + 4. Let b be s(0). Suppose -2 = k - 2*c - c, 18 = b*k + c. Let g(o) = 1 - 4*o + 0*o - k*o + o + o**